 the prime factors of 2858890?
2, 5, 17, 67, 251
List the prime factors of 6342935.
5, 761, 1667
What are the prime factors of 757314?
2, 3, 42073
List the prime factors of 3257283.
3, 23, 47207
List the prime factors of 577279.
577279
List the prime factors of 4001703.
3, 1333901
List the prime factors of 1045262.
2, 17, 71, 433
What are the prime factors of 2967009?
3, 137, 7219
List the prime factors of 1223656.
2, 7, 21851
What are the prime factors of 640064?
2, 73, 137
List the prime factors of 506732.
2, 126683
What are the prime factors of 210277?
210277
List the prime factors of 104306.
2, 52153
List the prime factors of 7275334.
2, 11, 330697
What are the prime factors of 141842?
2, 70921
List the prime factors of 3767430.
2, 3, 5, 31, 4051
List the prime factors of 1388917.
17, 81701
What are the prime factors of 3391552?
2, 197, 269
What are the prime factors of 17604390?
2, 3, 5, 586813
List the prime factors of 8897396.
2, 19, 117071
What are the prime factors of 15752905?
5, 7, 450083
List the prime factors of 2422026.
2, 3, 239, 563
List the prime factors of 673459.
673459
What are the prime factors of 28222573?
83, 340031
List the prime factors of 551317.
13, 42409
What are the prime factors of 7224665?
5, 7, 206419
List the prime factors of 16666911.
3, 617293
What are the prime factors of 776761?
631, 1231
What are the prime factors of 955649?
955649
What are the prime factors of 19630079?
7, 593, 4729
What are the prime factors of 8137779?
3, 13, 31, 53, 127
List the prime factors of 757618.
2, 378809
What are the prime factors of 134381?
13, 10337
List the prime factors of 211582.
2, 7, 17, 127
What are the prime factors of 555024?
2, 3, 31, 373
List the prime factors of 1631083.
71, 22973
What are the prime factors of 142410?
2, 3, 5, 47, 101
What are the prime factors of 205264?
2, 12829
List the prime factors of 100133.
11, 9103
List the prime factors of 266148.
2, 3, 7393
List the prime factors of 359812.
2, 23, 3911
List the prime factors of 1983340.
2, 5, 131, 757
List the prime factors of 457481.
311, 1471
List the prime factors of 922558.
2, 7, 13, 37, 137
What are the prime factors of 105070?
2, 5, 7, 19, 79
What are the prime factors of 1168472?
2, 146059
List the prime factors of 4167059.
13, 73, 4391
List the prime factors of 295004.
2, 73751
List the prime factors of 5905626.
2, 3, 269, 3659
List the prime factors of 308066.
2, 11, 19, 67
List the prime factors of 814778.
2, 307, 1327
List the prime factors of 9680808.
2, 3, 311, 1297
What are the prime factors of 28154790?
2, 3, 5, 34759
List the prime factors of 93103.
93103
List the prime factors of 597267.
3, 11, 2011
List the prime factors of 1428681.
3, 37, 61, 211
List the prime factors of 1585852.
2, 73, 5431
List the prime factors of 6365452.
2, 1591363
What are the prime factors of 15994421?
15994421
What are the prime factors of 16973?
11, 1543
List the prime factors of 3323046.
2, 3, 233, 2377
List the prime factors of 24733072.
2, 7, 13, 16987
What are the prime factors of 9020965?
5, 17, 106129
What are the prime factors of 101330?
2, 5, 10133
List the prime factors of 3194052.
2, 3, 19, 14009
What are the prime factors of 3507846?
2, 3, 89, 6569
List the prime factors of 46138.
2, 17, 23, 59
What are the prime factors of 504589?
283, 1783
List the prime factors of 395660.
2, 5, 73, 271
What are the prime factors of 50532?
2, 3, 4211
What are the prime factors of 834883?
7, 41, 2909
List the prime factors of 117846.
2, 3, 6547
List the prime factors of 913636.
2, 228409
List the prime factors of 181585.
5, 23, 1579
List the prime factors of 14581202.
2, 1523, 4787
List the prime factors of 1354573.
11, 123143
List the prime factors of 133075.
5, 5323
What are the prime factors of 50584?
2, 6323
What are the prime factors of 1361818?
2, 157, 4337
List the prime factors of 357867.
3, 17, 2339
List the prime factors of 4613935.
5, 41, 71, 317
What are the prime factors of 350357?
7, 50051
What are the prime factors of 1090381?
1090381
What are the prime factors of 19089763?
7, 11, 107, 331
What are the prime factors of 16344?
2, 3, 227
What are the prime factors of 454004?
2, 113501
What are the prime factors of 349450?
2, 5, 29, 241
List the prime factors of 130741.
13, 89, 113
What are the prime factors of 226276?
2, 56569
List the prime factors of 4682297.
4682297
List the prime factors of 11615316.
2, 3, 71, 13633
What are the prime factors of 2522713?
2522713
List the prime factors of 422646.
2, 3, 7, 29, 347
List the prime factors of 100174.
2, 50087
List the prime factors of 5862583.
19, 97, 3181
What are the prime factors of 16316024?
2, 103, 19801
What are the prime factors of 79999?
79999
What are the prime factors of 904947?
3, 301649
What are the prime factors of 576352?
2, 7, 31, 83
List the prime factors of 2001897.
3, 19, 23, 509
List the prime factors of 1924033.
1924033
List the prime factors of 2745780.
2, 3, 5, 45763
List the prime factors of 6624749.
19, 348671
List the prime factors of 9074359.
7, 109, 1699
What are the prime factors of 3537453?
3, 1179151
List the prime factors of 2549590.
2, 5, 254959
List the prime factors of 5656133.
7, 808019
List the prime factors of 508732.
2, 7, 18169
What are the prime factors of 10520774?
2, 11, 151, 3167
What are the prime factors of 959124?
2, 3, 257, 311
What are the prime factors of 5922036?
2, 3, 179, 919
List the prime factors of 4574051.
37, 181, 683
List the prime factors of 2102551.
11, 191141
List the prime factors of 5716798.
2, 47, 61, 997
What are the prime factors of 41899?
11, 13, 293
List the prime factors of 8460925.
5, 11, 2797
List the prime factors of 1375882.
2, 37, 18593
List the prime factors of 37317.
3, 7, 1777
What are the prime factors of 7419386?
2, 13, 19, 23, 653
List the prime factors of 643483.
431, 1493
What are the prime factors of 16818438?
2, 3, 7, 13, 30803
List the prime factors of 3319776.
2, 3, 11527
What are the prime factors of 305417?
7, 23, 271
What are the prime factors of 760750?
2, 5, 17, 179
List the prime factors of 257481.
3, 7, 61, 67
What are the prime factors of 1317296?
2, 17, 29, 167
List the prime factors of 129968.
2, 8123
What are the prime factors of 421360?
2, 5, 23, 229
List the prime factors of 283140.
2, 3, 5, 11, 13
List the prime factors of 304852.
2, 76213
List the prime factors of 390650.
2, 5, 13, 601
What are the prime factors of 2204854?
2, 1102427
List the prime factors of 145897.
145897
What are the prime factors of 2472145?
5, 13, 73, 521
List the prime factors of 303142.
2, 7, 59, 367
What are the prime factors of 3278190?
2, 3, 5, 23, 4751
List the prime factors of 813632.
2, 12713
List the prime factors of 825116.
2, 206279
What are the prime factors of 711698?
2, 13, 31, 883
What are the prime factors of 238331?
238331
List the prime factors of 8105071.
13, 199, 241
List the prime factors of 402613.
402613
What are the prime factors of 3658452?
2, 3, 7, 97, 449
What are the prime factors of 338886?
2, 3, 67, 281
List the prime factors of 1053232.
2, 65827
List the prime factors of 4039912.
2, 504989
List the prime factors of 2141395.
5, 19, 22541
List the prime factors of 5436163.
5436163
List the prime factors of 12213083.
149, 81967
List the prime factors of 56199.
3, 11, 13, 131
List the prime factors of 5485316.
2, 23, 109, 547
What are the prime factors of 3540234?
2, 3, 37, 431
List the prime factors of 248908.
2, 11, 5657
List the prime factors of 27753125.
5, 83, 107
What are the prime factors of 379389?
3, 17, 43, 173
What are the prime factors of 908883?
3, 100987
What are the prime factors of 309167?
309167
List the prime factors of 9764744.
2, 11, 37, 2999
What are the prime factors of 2886610?
2, 5, 288661
What are the prime factors of 1629823?
13, 125371
List the prime factors of 822059.
7, 117437
List the prime factors of 328601.
7, 13, 23, 157
What are the prime factors of 159570?
2, 3, 5, 197
What are the prime factors of 381404?
2, 97, 983
List the prime factors of 24770483.
24770483
What are the prime factors of 155457?
3, 23, 751
What are the prime factors of 1771037?
491, 3607
List the prime factors of 14041237.
7, 53, 37847
What are the prime factors of 3445057?
7, 11, 44741
What are